59 a composite number?
True
Is 528240689 a prime number?
False
Is 59389070287 a composite number?
False
Is 1072538301 prime?
False
Is 2649373291 prime?
False
Is 129922071667 prime?
False
Is 68078724523 a prime number?
False
Is 27890680177 a composite number?
True
Is 74059587389 composite?
True
Is 11151475379 composite?
True
Is 12638529331 a prime number?
True
Is 84734147 a prime number?
True
Is 1286861377 composite?
True
Is 69095435029 a prime number?
False
Is 155016699199 a composite number?
True
Is 6429279569 prime?
False
Is 992786299 composite?
False
Is 83097107 composite?
False
Is 30871707401 a prime number?
True
Is 158817456943 prime?
True
Is 121922161 a prime number?
True
Is 92514171899 a prime number?
True
Is 12416337859 prime?
True
Is 4185819019 a composite number?
False
Is 129587479447 a composite number?
False
Is 361699747 a prime number?
True
Is 3014614763 prime?
True
Is 8467685833 a prime number?
True
Is 8071078793 composite?
False
Is 849758111 composite?
False
Is 21991643699 a prime number?
True
Is 254038277 a composite number?
False
Is 156032623 composite?
False
Is 1119545551 a prime number?
False
Is 4040280311 prime?
True
Is 243459150329 prime?
False
Is 373875581 a prime number?
True
Is 5453814581 a composite number?
False
Is 37227542201 composite?
True
Is 1690350863 composite?
False
Is 9058498769 a prime number?
False
Is 241364471035 a prime number?
False
Is 129440153 a prime number?
True
Is 40709430623 a prime number?
True
Is 41478773783 composite?
True
Is 226317283 a composite number?
False
Is 21083929 prime?
True
Is 561104099 composite?
True
Is 4348450343 composite?
True
Is 169804963 composite?
True
Is 14303910553 a composite number?
True
Is 85517191 composite?
True
Is 6798451323 composite?
True
Is 4054787557 composite?
True
Is 2411225083 a composite number?
False
Is 719621387 a composite number?
False
Is 212611771 a prime number?
False
Is 291055493 composite?
False
Is 230397227 composite?
False
Is 1617452663 a prime number?
False
Is 933914339 a composite number?
True
Is 1247318519 prime?
True
Is 294120391 composite?
False
Is 568152197 composite?
True
Is 77433242831 composite?
True
Is 2885231659 a composite number?
True
Is 21940586803 composite?
False
Is 986796211 a composite number?
False
Is 2469544939 a prime number?
True
Is 49155784967 composite?
True
Is 3752579587 a composite number?
True
Is 4154477399 a composite number?
False
Is 1838496889 a prime number?
True
Is 83316079199 a prime number?
True
Is 58186489481 a composite number?
False
Is 25254403 prime?
True
Is 1215170911 a prime number?
False
Is 11723865749 prime?
True
Is 176599313381 composite?
False
Is 722010931 a composite number?
False
Is 12297516431 a composite number?
False
Is 7873205723 a composite number?
True
Is 2120854331 a composite number?
True
Is 4173350477 a composite number?
True
Is 14463842977 a composite number?
True
Is 96833576507 composite?
True
Is 39377314849 composite?
False
Is 65257462969 a prime number?
False
Is 11462323421 a prime number?
True
Is 7827447179 a prime number?
True
Is 1517906189 prime?
False
Is 4765808903 a prime number?
True
Is 267191269 composite?
False
Is 2827777177 prime?
True
Is 3281192269 composite?
True
Is 4033582999 prime?
True
Is 4751461261 composite?
False
Is 69508033 composite?
True
Is 50049523 a composite number?
True
Is 2515388599 a prime number?
False
Is 287925683 a prime number?
True
Is 223982353447 prime?
True
Is 81549739 prime?
False
Is 1140456469 a prime number?
False
Is 8983967309 a prime number?
True
Is 650922619 prime?
False
Is 23945517067 prime?
True
Is 41989828987 prime?
True
Is 1757301521 a prime number?
True
Is 1002138623 prime?
False
Is 1596800333 composite?
False
Is 6742955851 a prime number?
False
Is 14773017587 prime?
False
Is 1396037641 a prime number?
False
Is 135119414543 a composite number?
False
Is 751636019 a composite number?
True
Is 15394587437 a composite number?
False
Is 4946471927 a prime number?
False
Is 344591791 a prime number?
False
Is 1144745273 a prime number?
False
Is 115320837211 a composite number?
False
Is 425757917 a composite number?
True
Is 832429867 a composite number?
False
Is 306863582 a composite number?
True
Is 87026219671 prime?
True
Is 11353056527 a prime number?
True
Is 14771037691 composite?
False
Is 155330520131 a composite number?
False
Is 10883795599 a composite number?
True
Is 3787996343 a composite number?
False
Is 51961213 a prime number?
False
Is 393394987 prime?
True
Is 7914837926 prime?
False
Is 4544209283 a prime number?
False
Is 8751072719 a prime number?
True
Is 55950968291 a composite number?
True
Is 3103770851 composite?
True
Is 18160168231 prime?
True
Is 205972049 prime?
True
Is 1160022547 a composite number?
True
Is 12148987351 prime?
True
Is 389280343 a composite number?
False
Is 59952545 composite?
True
Is 543839143 a composite number?
True
Is 13793044373 composite?
False
Is 22262845677 a composite number?
True
Is 90355169 prime?
False
Is 4665773419 composite?
False
Is 2345059609 prime?
False
Is 504449021 composite?
False
Is 5902563419 a prime number?
True
Is 241726019 a composite number?
False
Is 30423655313 a composite number?
False
Is 152245301 composite?
True
Is 345440551 a composite number?
True
Is 6713752301 a prime number?
False
Is 604277659 composite?
False
Is 247030477 a composite number?
False
Is 22774300811 a composite number?
False
Is 42847590187 prime?
True
Is 69688767157 a prime number?
False
Is 125172837633 composite?
True
Is 706078601 a prime number?
True
Is 8635873381 composite?
True
Is 1172699193 a composite number?
True
Is 1670116193 a prime number?
False
Is 137831933 a composite number?
False
Is 397761167 a prime number?
False
Is 39832082767 prime?
True
Is 103699157257 prime?
True
Is 365860487 composite?
False
Is 2301733949 composite?
True
Is 98246936233 composite?
True
Is 18285083149 prime?
True
Is 23254328717 prime?
True
Is 38027083 a composite number?
True
Is 1437821003 prime?
True
Is 49174295609 prime?
True
Is 3514050251 a prime number?
True
Is 151070104769 prime?
True
Is 99696996803 a prime number?
True
Is 159362963 composite?
True
Is 14425222733 a prime number?
True
Is 2691274577 prime?
False
Is 260492579 a prime number?
False
Is 449110451 prime?
True
Is 3387759211 a composite number?
True
Is 729870961 prime?
True
Is 8800850413 a composite number?
True
Is 95505235013 composite?
True
Is 233664089 composite?
False
Is 69319437287 composite?
True
Is 119616773 composite?
False
Is 10501832401 a composite number?
False
Is 87958563127 a composite number?
True
Is 1781112743 prime?
False
Is 6422693929 composite?
True
Is 626087533 a prime number?
True
Is 211467157 composite?
True
Is 2789991647 prime?
False
Is 3722401789 a composite number?
False
Is 39672529913 composite?
True
Is 835116641 composite?
True
Is 5039672011 composite?
True
Is 27959852407 composite?
False
Is 264582468871 a composite number?
True
Is 1686041717 prime?
True
Is 191315087 prime?
True
Is 2605201799 composite?
False
Is 1906044433 a composite number?
False
Is 387595127 composite?
True
Is 6682999 a prime number?
True
Is 6649535467 prime?
True
Is 13140893609 composite?
True
Is 850890983 a prime number?
False
Is 1017653255 composite?
True
Is 67576125703 a composite number?
False
Is 1831000373 a prime number?
True
Is 1901920777 a prime number?
True
Is 1753924747 prime?
True
Is 89216426738 a composite number?
True
Is 196903183 a composite number?
True
Is 3135576029 a prime number?
True
Is 2006033599 a prime number?
False
Is 1808533663 prime?
True
Is 6668724593 prime?
False
Is 3248377327 a prime number?
False
Is 289217507167 prime?
True
Is 815537543 a prime number?
True
Is 2270132677 a composite number?
False
Is 32804884353 composite?
True
Is 2755887335 composite?
True
Is 1795152181 a prime number?
True
Is 61290284821 a composite number?
False
Is 65144875229 composite?
True
Is 55240875951 composite?
True
Is 3970292035 a composite number?
True
Is 298484900137 prime?
True
Is 54550545839 composite?
True
Is 11421437 a composite number?
False
Is 102674110667 a prime number?
True
Is 139599101 prime?
False
Is 13487846 composite?
True
Is 271174697 composite?
True
Is 33242938899 composite?
True
Is 32503269641 a composite number?
False
Is 12893317163 a prime number?
True
Is 15374